
What are the prime factors of 7 - (-38024)/(10 + -2)?
2, 5, 7, 17
Suppose 643 = -8*u + 7083. Suppose -1355 = -5*n + u. What are the prime factors of n?
2, 3
Suppose -14 = -8*w + w. Suppose 0 = -w*g + 446 - 134. Suppose 4*j - 2*r - g = 0, -3*j = -2*r - 2*r - 112. List the prime factors of j.
2, 5
Let w = 182 + 57. Let b = -73 - -19. Let p = w + b. What are the prime factors of p?
5, 37
Let y(l) = l**3 - 12*l**2 - l + 7. Suppose -t = -4, 2*c + 44 = 6*c - t. Let p be y(c). List the prime factors of (-4)/p*(318/12 + -4).
2, 3
List the prime factors of 34116 - (84/60)/((-9)/45).
34123
Let m be ((-4)/6)/(26/117). List the prime factors of (-4)/5*(-2385)/(-54)*m.
2, 53
Let d be -1*(-4 + 3)*-622. Let w = d + -56. What are the prime factors of w/(-4)*28/42?
113
Let k = 2387 + 24517. What are the prime factors of k?
2, 3, 19, 59
Let i be (1*(-3)/2)/((-12)/568). Suppose i*l - 78 = 70*l. List the prime factors of l.
2, 3, 13
Let i = -5 - -4. Let j(x) = -x**3 + x**2 - 3*x - 3. Let z be j(i). Suppose -z*b + 147 = -139. What are the prime factors of b?
11, 13
Suppose -4*n - 380 = 5*b, -4*b - 5*n - 177 - 127 = 0. Let j(c) = 4*c**2 + 9*c - 5. Let s be j(-7). Let z = s + b. What are the prime factors of z?
2, 13
What are the prime factors of (-4)/16*0 - (-12828 - 7)?
5, 17, 151
Let r be (4 - 9/(-9))/((-2)/2). List the prime factors of ((-3155)/25 - 0)*r.
631
Suppose 6*t - 7617 = 39621. List the prime factors of t.
7873
Let a(b) = 23*b - 14. Let i = 108 - 102. List the prime factors of a(i).
2, 31
Suppose -3811*p + 3815*p + 2*m - 126040 = 0, -2*p - 4*m = -63044. List the prime factors of p.
2, 3, 59, 89
Let i(f) be the second derivative of 19*f**5/30 - 5*f**4/8 - 19*f**3/6 + 32*f. Let v(b) be the second derivative of i(b). What are the prime factors of v(2)?
137
Suppose -3*w + 12 = 0, -6 = -2*p - w + 2. Suppose p*v - 15 = -7. Suppose -v*s = -2*s - 4*y - 268, -3*y = -5*s + 642. List the prime factors of s.
2, 3, 7
Suppose -9079 = -2*m + 3127. What are the prime factors of m?
17, 359
Suppose 7*a = 5*a. Suppose a = -4*b - 0*x - 4*x + 36, -3*b - 3 = -3*x. Suppose -c - 4*c + 717 = b*j, -3*j = -9. What are the prime factors of c?
3, 47
What are the prime factors of -9*(-13)/(-117)*-3567?
3, 29, 41
Let d = 7950 + -6417. What are the prime factors of d?
3, 7, 73
Suppose -8*g = -203907 - 34757. List the prime factors of g.
29833
Let w = 1779 - -32745. What are the prime factors of w?
2, 3, 7, 137
Let u be (-6)/(-5)*(-15)/(-6)*1. Let o be 2 - (5 - 61 - u). Let w = -58 + o. List the prime factors of w.
3
Suppose 0 = -2*n - 327 + 35. Let g be 30/(-20) + (1 - 369/6). Let o = g - n. List the prime factors of o.
2, 3, 7
Suppose -2*f = 3*t - 2504, 0 = -2*t + 5*f + 1734 - 52. Let v = t + -333. List the prime factors of v.
503
Suppose y = 5*a + 23, 3*y - 2*a - 29 = 3*a. Suppose -1628 = -y*v - 5*j, 5*v - 3*j + 4*j - 2706 = 0. List the prime factors of v.
541
List the prime factors of (15 - (-1554)/(-105))/(2/252260).
2, 12613
Suppose 0 = -2*b + b - b. Suppose b*z + z = 8. Suppose 2*l - z*l + 294 = 0. What are the prime factors of l?
7
Suppose -2*d + 28835 = 2*r - 3175, 0 = -5*d + 20. What are the prime factors of r?
16001
Let q(s) = -64*s + 56. Let g be q(-13). Let j = 1605 - g. List the prime factors of j.
3, 239
Suppose -11*j = -8*j + 26*j. Suppose -t - 4*o = -3*t + 880, j = -3*t - o + 1313. What are the prime factors of t?
2, 3, 73
Let y = 74 - 27. Suppose 3*b - v = 269, y = b - 5*v - 66. List the prime factors of b.
2, 11
Let h(b) = 2732*b**2 - 18*b + 19. What are the prime factors of h(3)?
43, 571
Let w be 18/54 - (1 - 22/6). Suppose t - 7 = -w. Suppose -t*p + 10 = -2*p, 4*a - 4*p + 8 = 0. List the prime factors of a.
3
Suppose -20 - 1 = -3*b. Let z = b - -444. List the prime factors of z.
11, 41
Suppose 4*a + 529 - 121 = 0. Suppose 2552 = -22*n - 682. Let f = a - n. What are the prime factors of f?
3, 5
Let p(n) = 1743*n**2 + 24*n - 38. What are the prime factors of p(4)?
2, 89, 157
Suppose -3*q = -3*m - 28662, 322*q - 3*m = 323*q - 9554. List the prime factors of q.
2, 17, 281
Suppose 23*d - 52 = 63. Suppose 2*n - 5*n = -x - 635, 4*n = d*x + 854. List the prime factors of n.
211
Suppose 0 = 2*u + u - 9. Let o(f) = -6*f**3 - u*f - 4 + 6*f**2 - 2*f**2 - f + 5*f. What are the prime factors of o(-2)?
2, 29
Let s(i) = 16*i**2 - 31*i + 60. Let y be s(10). What are the prime factors of 4/6*-3 - (-5 - y)?
3, 11, 41
Let t(y) be the second derivative of 21/2*y**2 + 5/2*y**3 + 1/6*y**4 + 6*y + 0. What are the prime factors of t(-10)?
71
List the prime factors of (9061 - -57) + -1 + (-1 - -4).
2, 3, 5, 19
List the prime factors of 2/(-24) - (-9 - 88711/228).
2, 199
Suppose -10*a - 712 = -3*y - 6*a, 3*y = 2*a + 722. List the prime factors of y.
2, 61
Let w(h) = 195*h**2 + h + 4. Let v(k) = -585*k**2 - 4*k - 10. Let d(z) = -6*v(z) - 17*w(z). What are the prime factors of d(2)?
2, 3, 131
Let x = -20309 + 40098. List the prime factors of x.
7, 11, 257
Let u = 58891 - 32234. List the prime factors of u.
19, 23, 61
Suppose 0 = -6*v + 16 + 14. Suppose 0 = f - v*f. Suppose f = -19*u + 15*u + 28. What are the prime factors of u?
7
Suppose o - 4 = 2*p, -5*o + 2 = -0*o - p. Suppose -10*i = -5*i - 4*l - 2110, 4*i + 2*l - 1688 = o. What are the prime factors of i?
2, 211
Let t(b) = -10*b - 6. Let m(c) = 7 - 1 - 1 - 4. Let v(p) = -2*m(p) + t(p). What are the prime factors of v(-5)?
2, 3, 7
Suppose -202*z + 696655 + 75591 = 0. What are the prime factors of z?
3823
Suppose 0*m + 10*m - 1240 = 0. Let z = -74 + m. What are the prime factors of z?
2, 5
Suppose -23626 = 21*z + 5564. What are the prime factors of (-5 + z/4)*(-12)/15?
2, 3, 47
Suppose -12*w + 1719 + 1197 = 0. Suppose -w = 17*z - 44*z. What are the prime factors of z?
3
Suppose 521 = 5*i - 5*k + 86, -2*k = -5*i + 423. Let w be 2/4 + 102/(-12). Let p = i - w. What are the prime factors of p?
7, 13
Let a(n) = 9*n**2 - 4*n - 1. Let b(p) = p**2 + 7*p - 4. Let x be b(-7). Let i be a(x). Suppose -2*w + 261 = -i. What are the prime factors of w?
2, 3, 5, 7
Let s(z) = -3*z**3 - 44*z**2 - 31*z + 27. List the prime factors of s(-19).
5309
Let p = -99 - -107. Let r(v) = -4*v**2 + 43*v - 3. List the prime factors of r(p).
5, 17
Let k(z) = z**2 + 24*z + 29. Let s be k(-10). Let u = s + 367. What are the prime factors of u?
2
Suppose 0 = 22*o - 4*o - 6282. Let u = o + 574. What are the prime factors of u?
13, 71
Suppose -12 = 7*h - 6*h - 3*c, -2*c + 10 = 0. Let q(w) = 14*w**3 + 5*w**2 - 12*w + 15. What are the prime factors of q(h)?
2, 3, 67
Suppose -p = 4*i - 3555, 4*i - 10121 = -5*p + 7558. List the prime factors of p.
3, 11, 107
Let t = 45089 + -30758. What are the prime factors of t?
3, 17, 281
Let l(i) = 229*i**2 - 62*i - 507. List the prime factors of l(-10).
3, 2557
Suppose 17*h + 16*h - 30*h - 43266 = 0. List the prime factors of h.
2, 7211
Suppose -2*u + 4*l - 9254 = -5*u, 15375 = 5*u - 3*l. Suppose 3*v + d = 2574 + 512, -u = -3*v + 3*d. List the prime factors of v.
2, 257
Let g = -81 - -77. Let a(r) = r**3 + 6*r**2 + 8*r - 7. Let o be a(g). Let n = 175 - o. List the prime factors of n.
2, 7, 13
Suppose -1659*b + 1657*b = -68. Suppose -3 = -3*q - 48. Let i = b + q. List the prime factors of i.
19
Let b(d) = -207*d**3 - d**2 - 10*d - 24. What are the prime factors of b(-3)?
2, 3, 7, 19
Let u(l) = l**2 - 2*l + 56. Let p(m) = -m**2 + 4*m + 5. Let f be p(5). Let q be u(f). Let a = q - -18. List the prime factors of a.
2, 37
Suppose -20*l + 0*l = -21*l + 19263. What are the prime factors of l?
3, 6421
Let d = 1599 - -125. Let n = d + -457. List the prime factors of n.
7, 181
Suppose 41*l - 46*l + 5 = 0. Let a be -1*2/l - (-2)/1. What are the prime factors of 94 + -4 - (a + 1)?
89
Let y = -62 + 68. Suppose 4*x + y = 30. Suppose g - 1498 = -x*g. List the prime factors of g.
2, 107
Let i(d) = 17*d - 6. Let y(g) be the third derivative of -17*g**4/24 + g**3 + 6*g**2. Let o(b) = 2*i(b) + 3*y(b). List the prime factors of o(-2).
2, 5
Let n(g) = -g**2 - 4*g + 1. Let i be n(-3). Suppose 5*o = -5*l + 1075, -11 = 5*l + i. Let r = o + -153. List the prime factors of r.
5, 13
Let w(z) = -22*z**2 - z - 2. Let k be w(2). Let c = 107 + k. Suppose 2*j - 282 - 15 = v, -c = 5*v. What are the prime factors of j?
3, 7
Let x(c) be the first derivative of -3*c**4/4 -